{"id":9839,"date":"2020-04-30T08:33:24","date_gmt":"2020-04-30T08:33:24","guid":{"rendered":"https:\/\/espaceval.ch\/hebergement\/"},"modified":"2025-04-24T08:00:47","modified_gmt":"2025-04-24T08:00:47","slug":"lodge","status":"publish","type":"page","link":"https:\/\/espaceval.ch\/de\/lodge\/","title":{"rendered":"Lodge espaceVAL"},"content":{"rendered":"<p>[et_pb_section fb_built=&#8220;1&#8243; disabled_on=&#8220;off|off|off&#8220; admin_label=&#8220;Ecran&#8220; _builder_version=&#8220;4.16&#8243; custom_padding=&#8220;||0px|||&#8220; global_colors_info=&#8220;{}&#8220;][et_pb_row _builder_version=&#8220;4.16&#8243; scroll_horizontal_motion_enable=&#8220;off&#8220; global_colors_info=&#8220;{}&#8220;][et_pb_column type=&#8220;4_4&#8243; _builder_version=&#8220;4.16&#8243; global_colors_info=&#8220;{}&#8220;][et_pb_text _builder_version=&#8220;4.27.2&#8243; header_2_font=&#8220;Montserrat|300|||||||&#8220; header_2_text_align=&#8220;left&#8220; header_2_font_size=&#8220;58px&#8220; background_color=&#8220;RGBA(255,255,255,0)&#8220; custom_margin=&#8220;2px||15px||false|false&#8220; custom_padding=&#8220;12px||12px|12px|false|false&#8220; animation_direction=&#8220;left&#8220; hover_enabled=&#8220;0&#8243; header_2_font_size_tablet=&#8220;&#8220; header_2_font_size_phone=&#8220;40px&#8220; header_2_font_size_last_edited=&#8220;on|phone&#8220; global_colors_info=&#8220;{}&#8220; sticky_enabled=&#8220;0&#8243;]<\/p>\n<h1>Das Lodge wird zur Jugendherberge Val-de-Travers.<\/h1>\n<p>&nbsp;<\/p>\n<p>Buchen Sie Ihren Aufenthalt direkt und finden Sie alle Informationen auf dieser Seite: <a href=\"https:\/\/espaceval.ch\/de\/jugendherberge-val-de-travers\/\">www.espaceval.ch\/de\/jugendherberge-val-de-travers\/<\/a><\/p>\n<h1 style=\"text-align: center;\">\u200b<\/h1>\n<p>[\/et_pb_text][\/et_pb_column][\/et_pb_row][\/et_pb_section]<\/p>\n","protected":false},"excerpt":{"rendered":"<p>Votre s\u00e9jours proche de tous les lieux touristiques et sportifs du Val-de-Travers. H\u00e9bergement id\u00e9al pour particuliers et clubs sportifs.<\/p>\n","protected":false},"author":2,"featured_media":0,"parent":0,"menu_order":0,"comment_status":"closed","ping_status":"closed","template":"","meta":{"_et_pb_use_builder":"on","_et_pb_old_content":"","_et_gb_content_width":"","_monsterinsights_skip_tracking":false,"_monsterinsights_sitenote_active":false,"_monsterinsights_sitenote_note":"","_monsterinsights_sitenote_category":0,"footnotes":""},"class_list":["post-9839","page","type-page","status-publish","hentry"],"yoast_head":"<!-- This site is optimized with the Yoast SEO plugin v25.6 - https:\/\/yoast.com\/wordpress\/plugins\/seo\/ -->\n<title>Buchen Sie Ihre Unterkunft in espaceVAL | \u00dcbernachtungen Val-de-Travers<\/title>\n<meta name=\"robots\" content=\"index, follow, max-snippet:-1, max-image-preview:large, max-video-preview:-1\" \/>\n<link rel=\"canonical\" href=\"https:\/\/espaceval.ch\/de\/lodge\/\" \/>\n<meta property=\"og:locale\" content=\"de_DE\" \/>\n<meta property=\"og:type\" content=\"article\" \/>\n<meta property=\"og:title\" content=\"Buchen Sie Ihre Unterkunft in espaceVAL | \u00dcbernachtungen Val-de-Travers\" \/>\n<meta property=\"og:description\" content=\"Votre s\u00e9jours proche de tous les lieux touristiques et sportifs du Val-de-Travers. H\u00e9bergement id\u00e9al pour particuliers et clubs sportifs.\" \/>\n<meta property=\"og:url\" content=\"https:\/\/espaceval.ch\/de\/lodge\/\" \/>\n<meta property=\"og:site_name\" content=\"espaceVAL\" \/>\n<meta property=\"article:modified_time\" content=\"2025-04-24T08:00:47+00:00\" \/>\n<meta name=\"twitter:card\" content=\"summary_large_image\" \/>\n<meta name=\"twitter:label1\" content=\"Gesch\u00e4tzte Lesezeit\" \/>\n\t<meta name=\"twitter:data1\" content=\"1\u00a0Minute\" \/>\n<script type=\"application\/ld+json\" class=\"yoast-schema-graph\">{\"@context\":\"https:\/\/schema.org\",\"@graph\":[{\"@type\":\"WebPage\",\"@id\":\"https:\/\/espaceval.ch\/de\/lodge\/\",\"url\":\"https:\/\/espaceval.ch\/de\/lodge\/\",\"name\":\"Buchen Sie Ihre Unterkunft in espaceVAL | \u00dcbernachtungen Val-de-Travers\",\"isPartOf\":{\"@id\":\"https:\/\/espaceval.ch\/de\/#website\"},\"datePublished\":\"2020-04-30T08:33:24+00:00\",\"dateModified\":\"2025-04-24T08:00:47+00:00\",\"breadcrumb\":{\"@id\":\"https:\/\/espaceval.ch\/de\/lodge\/#breadcrumb\"},\"inLanguage\":\"de\",\"potentialAction\":[{\"@type\":\"ReadAction\",\"target\":[\"https:\/\/espaceval.ch\/de\/lodge\/\"]}]},{\"@type\":\"BreadcrumbList\",\"@id\":\"https:\/\/espaceval.ch\/de\/lodge\/#breadcrumb\",\"itemListElement\":[{\"@type\":\"ListItem\",\"position\":1,\"name\":\"Accueil\",\"item\":\"https:\/\/espaceval.ch\/de\/\"},{\"@type\":\"ListItem\",\"position\":2,\"name\":\"Lodge espaceVAL\"}]},{\"@type\":\"WebSite\",\"@id\":\"https:\/\/espaceval.ch\/de\/#website\",\"url\":\"https:\/\/espaceval.ch\/de\/\",\"name\":\"espaceVAL\",\"description\":\"Vitalit\u00e9 | Activit\u00e9 | Loisirs\",\"potentialAction\":[{\"@type\":\"SearchAction\",\"target\":{\"@type\":\"EntryPoint\",\"urlTemplate\":\"https:\/\/espaceval.ch\/de\/?s={search_term_string}\"},\"query-input\":{\"@type\":\"PropertyValueSpecification\",\"valueRequired\":true,\"valueName\":\"search_term_string\"}}],\"inLanguage\":\"de\"}]}<\/script>\n<!-- \/ Yoast SEO plugin. -->","yoast_head_json":{"title":"Buchen Sie Ihre Unterkunft in espaceVAL | \u00dcbernachtungen Val-de-Travers","robots":{"index":"index","follow":"follow","max-snippet":"max-snippet:-1","max-image-preview":"max-image-preview:large","max-video-preview":"max-video-preview:-1"},"canonical":"https:\/\/espaceval.ch\/de\/lodge\/","og_locale":"de_DE","og_type":"article","og_title":"Buchen Sie Ihre Unterkunft in espaceVAL | \u00dcbernachtungen Val-de-Travers","og_description":"Votre s\u00e9jours proche de tous les lieux touristiques et sportifs du Val-de-Travers. H\u00e9bergement id\u00e9al pour particuliers et clubs sportifs.","og_url":"https:\/\/espaceval.ch\/de\/lodge\/","og_site_name":"espaceVAL","article_modified_time":"2025-04-24T08:00:47+00:00","twitter_card":"summary_large_image","twitter_misc":{"Gesch\u00e4tzte Lesezeit":"1\u00a0Minute"},"schema":{"@context":"https:\/\/schema.org","@graph":[{"@type":"WebPage","@id":"https:\/\/espaceval.ch\/de\/lodge\/","url":"https:\/\/espaceval.ch\/de\/lodge\/","name":"Buchen Sie Ihre Unterkunft in espaceVAL | \u00dcbernachtungen Val-de-Travers","isPartOf":{"@id":"https:\/\/espaceval.ch\/de\/#website"},"datePublished":"2020-04-30T08:33:24+00:00","dateModified":"2025-04-24T08:00:47+00:00","breadcrumb":{"@id":"https:\/\/espaceval.ch\/de\/lodge\/#breadcrumb"},"inLanguage":"de","potentialAction":[{"@type":"ReadAction","target":["https:\/\/espaceval.ch\/de\/lodge\/"]}]},{"@type":"BreadcrumbList","@id":"https:\/\/espaceval.ch\/de\/lodge\/#breadcrumb","itemListElement":[{"@type":"ListItem","position":1,"name":"Accueil","item":"https:\/\/espaceval.ch\/de\/"},{"@type":"ListItem","position":2,"name":"Lodge espaceVAL"}]},{"@type":"WebSite","@id":"https:\/\/espaceval.ch\/de\/#website","url":"https:\/\/espaceval.ch\/de\/","name":"espaceVAL","description":"Vitalit\u00e9 | Activit\u00e9 | Loisirs","potentialAction":[{"@type":"SearchAction","target":{"@type":"EntryPoint","urlTemplate":"https:\/\/espaceval.ch\/de\/?s={search_term_string}"},"query-input":{"@type":"PropertyValueSpecification","valueRequired":true,"valueName":"search_term_string"}}],"inLanguage":"de"}]}},"_links":{"self":[{"href":"https:\/\/espaceval.ch\/de\/wp-json\/wp\/v2\/pages\/9839","targetHints":{"allow":["GET"]}}],"collection":[{"href":"https:\/\/espaceval.ch\/de\/wp-json\/wp\/v2\/pages"}],"about":[{"href":"https:\/\/espaceval.ch\/de\/wp-json\/wp\/v2\/types\/page"}],"author":[{"embeddable":true,"href":"https:\/\/espaceval.ch\/de\/wp-json\/wp\/v2\/users\/2"}],"replies":[{"embeddable":true,"href":"https:\/\/espaceval.ch\/de\/wp-json\/wp\/v2\/comments?post=9839"}],"version-history":[{"count":29,"href":"https:\/\/espaceval.ch\/de\/wp-json\/wp\/v2\/pages\/9839\/revisions"}],"predecessor-version":[{"id":11289,"href":"https:\/\/espaceval.ch\/de\/wp-json\/wp\/v2\/pages\/9839\/revisions\/11289"}],"wp:attachment":[{"href":"https:\/\/espaceval.ch\/de\/wp-json\/wp\/v2\/media?parent=9839"}],"curies":[{"name":"wp","href":"https:\/\/api.w.org\/{rel}","templated":true}]}}

<p>Votre séjours proche de tous les lieux touristiques et sportifs du Val-de-Travers. Hébergement idéal pour particuliers et clubs sportifs.</p>

<!-- This site is optimized with the Yoast SEO plugin v25.6 - https://yoast.com/wordpress/plugins/seo/ -->
<title>Buchen Sie Ihre Unterkunft in espaceVAL | Übernachtungen Val-de-Travers</title>
<meta name="robots" content="index, follow, max-snippet:-1, max-image-preview:large, max-video-preview:-1" />
<link rel="canonical" href="https://espaceval.ch/de/lodge/" />
<meta property="og:locale" content="de_DE" />
<meta property="og:type" content="article" />
<meta property="og:title" content="Buchen Sie Ihre Unterkunft in espaceVAL | Übernachtungen Val-de-Travers" />
<meta property="og:description" content="Votre séjours proche de tous les lieux touristiques et sportifs du Val-de-Travers. Hébergement idéal pour particuliers et clubs sportifs." />
<meta property="og:url" content="https://espaceval.ch/de/lodge/" />
<meta property="og:site_name" content="espaceVAL" />
<meta property="article:modified_time" content="2025-04-24T08:00:47+00:00" />
<meta name="twitter:card" content="summary_large_image" />
<meta name="twitter:label1" content="Geschätzte Lesezeit" />
	<meta name="twitter:data1" content="1 Minute" />
<script type="application/ld+json" class="yoast-schema-graph">{"@context":"https://schema.org","@graph":[{"@type":"WebPage","@id":"https://espaceval.ch/de/lodge/","url":"https://espaceval.ch/de/lodge/","name":"Buchen Sie Ihre Unterkunft in espaceVAL | Übernachtungen Val-de-Travers","isPartOf":{"@id":"https://espaceval.ch/de/#website"},"datePublished":"2020-04-30T08:33:24+00:00","dateModified":"2025-04-24T08:00:47+00:00","breadcrumb":{"@id":"https://espaceval.ch/de/lodge/#breadcrumb"},"inLanguage":"de","potentialAction":[{"@type":"ReadAction","target":["https://espaceval.ch/de/lodge/"]}]},{"@type":"BreadcrumbList","@id":"https://espaceval.ch/de/lodge/#breadcrumb","itemListElement":[{"@type":"ListItem","position":1,"name":"Accueil","item":"https://espaceval.ch/de/"},{"@type":"ListItem","position":2,"name":"Lodge espaceVAL"}]},{"@type":"WebSite","@id":"https://espaceval.ch/de/#website","url":"https://espaceval.ch/de/","name":"espaceVAL","description":"Vitalité | Activité | Loisirs","potentialAction":[{"@type":"SearchAction","target":{"@type":"EntryPoint","urlTemplate":"https://espaceval.ch/de/?s={search_term_string}"},"query-input":{"@type":"PropertyValueSpecification","valueRequired":true,"valueName":"search_term_string"}}],"inLanguage":"de"}]}</script>
<!-- / Yoast SEO plugin. -->

Buchen Sie Ihre Unterkunft in espaceVAL | Übernachtungen Val-de-Travers

Votre séjours proche de tous les lieux touristiques et sportifs du Val-de-Travers. Hébergement idéal pour particuliers et clubs sportifs.

Vitalité | Activité | Loisirs
